{"id":15,"date":"2015-05-13T21:21:48","date_gmt":"2015-05-14T03:21:48","guid":{"rendered":"http:\/\/especiales.laprensagrafica.com\/2015\/beatificacion-romero\/wp-content\/uploads\/2015\/02\/monsenor-romero-02.jpg"},"modified":"2015-05-13T21:39:47","modified_gmt":"2015-05-14T03:39:47","slug":"monsenor-romero-02","status":"inherit","type":"attachment","link":"http:\/\/especiales.laprensagrafica.com\/2015\/beatificacion-romero\/beatificacion-de-monsenor-romero-sera-en-el-salvador\/monsenor-romero-02\/","title":{"rendered":"Monse\u00f1or \u00d3scar Arnulfo Romero en El Vaticano el 30 de enero de 1980, junto al Papa Juan Pablo II. FOTO LPG\/ARCHIVO"},"author":1,"comment_status":"open","ping_status":"open","template":"","meta":{"spay_email":""},"yoast_head":"<!-- This site is optimized with the Yoast SEO plugin v19.1 - https:\/\/yoast.com\/wordpress\/plugins\/seo\/ -->\n<title>Monse\u00f1or \u00d3scar Arnulfo Romero en El Vaticano el 30 de enero de 1980, junto al Papa Juan Pablo II. FOTO LPG\/ARCHIVO - Beatificaci\u00f3n de Monse\u00f1or Romero<\/title>\n<meta name=\"robots\" content=\"index, follow, max-snippet:-1, max-image-preview:large, max-video-preview:-1\" \/>\n<link rel=\"canonical\" href=\"http:\/\/especiales.laprensagrafica.com\/2015\/beatificacion-romero\/wp-content\/uploads\/2015\/02\/monsenor-romero-02.jpg\" \/>\n<meta property=\"og:locale\" content=\"es_ES\" \/>\n<meta property=\"og:type\" content=\"article\" \/>\n<meta property=\"og:title\" content=\"Monse\u00f1or \u00d3scar Arnulfo Romero en El Vaticano el 30 de enero de 1980, junto al Papa Juan Pablo II. FOTO LPG\/ARCHIVO - Beatificaci\u00f3n de Monse\u00f1or Romero\" \/>\n<meta property=\"og:url\" content=\"http:\/\/especiales.laprensagrafica.com\/2015\/beatificacion-romero\/wp-content\/uploads\/2015\/02\/monsenor-romero-02.jpg\" \/>\n<meta property=\"og:site_name\" content=\"Beatificaci\u00f3n de Monse\u00f1or Romero\" \/>\n<meta property=\"article:publisher\" content=\"https:\/\/www.facebook.com\/lpg.laprensagrafica\" \/>\n<meta property=\"article:modified_time\" content=\"2015-05-14T03:39:47+00:00\" \/>\n<meta property=\"og:image\" content=\"https:\/\/i0.wp.com\/especiales.laprensagrafica.com\/2015\/beatificacion-romero\/wp-content\/uploads\/2015\/02\/monsenor-romero-02.jpg?fit=618%2C507\" \/>\n\t<meta property=\"og:image:width\" content=\"618\" \/>\n\t<meta property=\"og:image:height\" content=\"507\" \/>\n\t<meta property=\"og:image:type\" content=\"image\/jpeg\" \/>\n<meta name=\"twitter:card\" content=\"summary_large_image\" \/>\n<meta name=\"twitter:site\" content=\"@prensagrafica\" \/>\n<script type=\"application\/ld+json\" class=\"yoast-schema-graph\">{\"@context\":\"https:\/\/schema.org\",\"@graph\":[{\"@type\":\"WebSite\",\"@id\":\"http:\/\/especiales.laprensagrafica.com\/2015\/beatificacion-romero\/#website\",\"url\":\"http:\/\/especiales.laprensagrafica.com\/2015\/beatificacion-romero\/\",\"name\":\"Beatificaci\u00f3n de Monse\u00f1or Romero\",\"description\":\"Sitio especial de La Prensa Gr\u00e1fica\",\"potentialAction\":[{\"@type\":\"SearchAction\",\"target\":{\"@type\":\"EntryPoint\",\"urlTemplate\":\"http:\/\/especiales.laprensagrafica.com\/2015\/beatificacion-romero\/?s={search_term_string}\"},\"query-input\":\"required name=search_term_string\"}],\"inLanguage\":\"es\"},{\"@type\":\"WebPage\",\"@id\":\"http:\/\/especiales.laprensagrafica.com\/2015\/beatificacion-romero\/wp-content\/uploads\/2015\/02\/monsenor-romero-02.jpg#webpage\",\"url\":\"http:\/\/especiales.laprensagrafica.com\/2015\/beatificacion-romero\/wp-content\/uploads\/2015\/02\/monsenor-romero-02.jpg\",\"name\":\"Monse\u00f1or \u00d3scar Arnulfo Romero en El Vaticano el 30 de enero de 1980, junto al Papa Juan Pablo II. FOTO LPG\/ARCHIVO - Beatificaci\u00f3n de Monse\u00f1or Romero\",\"isPartOf\":{\"@id\":\"http:\/\/especiales.laprensagrafica.com\/2015\/beatificacion-romero\/#website\"},\"datePublished\":\"2015-05-14T03:21:48+00:00\",\"dateModified\":\"2015-05-14T03:39:47+00:00\",\"breadcrumb\":{\"@id\":\"http:\/\/especiales.laprensagrafica.com\/2015\/beatificacion-romero\/wp-content\/uploads\/2015\/02\/monsenor-romero-02.jpg#breadcrumb\"},\"inLanguage\":\"es\",\"potentialAction\":[{\"@type\":\"ReadAction\",\"target\":[\"http:\/\/especiales.laprensagrafica.com\/2015\/beatificacion-romero\/wp-content\/uploads\/2015\/02\/monsenor-romero-02.jpg\"]}]},{\"@type\":\"BreadcrumbList\",\"@id\":\"http:\/\/especiales.laprensagrafica.com\/2015\/beatificacion-romero\/wp-content\/uploads\/2015\/02\/monsenor-romero-02.jpg#breadcrumb\",\"itemListElement\":[{\"@type\":\"ListItem\",\"position\":1,\"name\":\"Portada\",\"item\":\"http:\/\/especiales.laprensagrafica.com\/2015\/beatificacion-romero\/\"},{\"@type\":\"ListItem\",\"position\":2,\"name\":\"Beatificaci\u00f3n de Monse\u00f1or Romero ser\u00e1 en El Salvador\",\"item\":\"http:\/\/especiales.laprensagrafica.com\/2015\/beatificacion-romero\/beatificacion-de-monsenor-romero-sera-en-el-salvador\/\"},{\"@type\":\"ListItem\",\"position\":3,\"name\":\"Monse\u00f1or \u00d3scar Arnulfo Romero en El Vaticano el 30 de enero de 1980, junto al Papa Juan Pablo II. FOTO LPG\/ARCHIVO\"}]}]}<\/script>\n<!-- \/ Yoast SEO plugin. -->","yoast_head_json":{"title":"Monse\u00f1or \u00d3scar Arnulfo Romero en El Vaticano el 30 de enero de 1980, junto al Papa Juan Pablo II. FOTO LPG\/ARCHIVO - Beatificaci\u00f3n de Monse\u00f1or Romero","robots":{"index":"index","follow":"follow","max-snippet":"max-snippet:-1","max-image-preview":"max-image-preview:large","max-video-preview":"max-video-preview:-1"},"canonical":"http:\/\/especiales.laprensagrafica.com\/2015\/beatificacion-romero\/wp-content\/uploads\/2015\/02\/monsenor-romero-02.jpg","og_locale":"es_ES","og_type":"article","og_title":"Monse\u00f1or \u00d3scar Arnulfo Romero en El Vaticano el 30 de enero de 1980, junto al Papa Juan Pablo II. FOTO LPG\/ARCHIVO - Beatificaci\u00f3n de Monse\u00f1or Romero","og_url":"http:\/\/especiales.laprensagrafica.com\/2015\/beatificacion-romero\/wp-content\/uploads\/2015\/02\/monsenor-romero-02.jpg","og_site_name":"Beatificaci\u00f3n de Monse\u00f1or Romero","article_publisher":"https:\/\/www.facebook.com\/lpg.laprensagrafica","article_modified_time":"2015-05-14T03:39:47+00:00","og_image":[{"width":618,"height":507,"url":"https:\/\/i0.wp.com\/especiales.laprensagrafica.com\/2015\/beatificacion-romero\/wp-content\/uploads\/2015\/02\/monsenor-romero-02.jpg?fit=618%2C507","type":"image\/jpeg"}],"twitter_card":"summary_large_image","twitter_site":"@prensagrafica","schema":{"@context":"https:\/\/schema.org","@graph":[{"@type":"WebSite","@id":"http:\/\/especiales.laprensagrafica.com\/2015\/beatificacion-romero\/#website","url":"http:\/\/especiales.laprensagrafica.com\/2015\/beatificacion-romero\/","name":"Beatificaci\u00f3n de Monse\u00f1or Romero","description":"Sitio especial de La Prensa Gr\u00e1fica","potentialAction":[{"@type":"SearchAction","target":{"@type":"EntryPoint","urlTemplate":"http:\/\/especiales.laprensagrafica.com\/2015\/beatificacion-romero\/?s={search_term_string}"},"query-input":"required name=search_term_string"}],"inLanguage":"es"},{"@type":"WebPage","@id":"http:\/\/especiales.laprensagrafica.com\/2015\/beatificacion-romero\/wp-content\/uploads\/2015\/02\/monsenor-romero-02.jpg#webpage","url":"http:\/\/especiales.laprensagrafica.com\/2015\/beatificacion-romero\/wp-content\/uploads\/2015\/02\/monsenor-romero-02.jpg","name":"Monse\u00f1or \u00d3scar Arnulfo Romero en El Vaticano el 30 de enero de 1980, junto al Papa Juan Pablo II. FOTO LPG\/ARCHIVO - Beatificaci\u00f3n de Monse\u00f1or Romero","isPartOf":{"@id":"http:\/\/especiales.laprensagrafica.com\/2015\/beatificacion-romero\/#website"},"datePublished":"2015-05-14T03:21:48+00:00","dateModified":"2015-05-14T03:39:47+00:00","breadcrumb":{"@id":"http:\/\/especiales.laprensagrafica.com\/2015\/beatificacion-romero\/wp-content\/uploads\/2015\/02\/monsenor-romero-02.jpg#breadcrumb"},"inLanguage":"es","potentialAction":[{"@type":"ReadAction","target":["http:\/\/especiales.laprensagrafica.com\/2015\/beatificacion-romero\/wp-content\/uploads\/2015\/02\/monsenor-romero-02.jpg"]}]},{"@type":"BreadcrumbList","@id":"http:\/\/especiales.laprensagrafica.com\/2015\/beatificacion-romero\/wp-content\/uploads\/2015\/02\/monsenor-romero-02.jpg#breadcrumb","itemListElement":[{"@type":"ListItem","position":1,"name":"Portada","item":"http:\/\/especiales.laprensagrafica.com\/2015\/beatificacion-romero\/"},{"@type":"ListItem","position":2,"name":"Beatificaci\u00f3n de Monse\u00f1or Romero ser\u00e1 en El Salvador","item":"http:\/\/especiales.laprensagrafica.com\/2015\/beatificacion-romero\/beatificacion-de-monsenor-romero-sera-en-el-salvador\/"},{"@type":"ListItem","position":3,"name":"Monse\u00f1or \u00d3scar Arnulfo Romero en El Vaticano el 30 de enero de 1980, junto al Papa Juan Pablo II. FOTO LPG\/ARCHIVO"}]}]}},"jetpack_sharing_enabled":true,"jetpack_shortlink":"https:\/\/wp.me\/a6bKPR-f","description":{"rendered":"<p class=\"attachment\"><a href='https:\/\/i0.wp.com\/especiales.laprensagrafica.com\/2015\/beatificacion-romero\/wp-content\/uploads\/2015\/02\/monsenor-romero-02.jpg'><img width=\"300\" height=\"246\" src=\"https:\/\/i0.wp.com\/especiales.laprensagrafica.com\/2015\/beatificacion-romero\/wp-content\/uploads\/2015\/02\/monsenor-romero-02.jpg?fit=300%2C246\" class=\"attachment-medium size-medium\" alt=\"\" loading=\"lazy\" srcset=\"https:\/\/i0.wp.com\/especiales.laprensagrafica.com\/2015\/beatificacion-romero\/wp-content\/uploads\/2015\/02\/monsenor-romero-02.jpg?w=618 618w, https:\/\/i0.wp.com\/especiales.laprensagrafica.com\/2015\/beatificacion-romero\/wp-content\/uploads\/2015\/02\/monsenor-romero-02.jpg?resize=300%2C246 300w\" sizes=\"(max-width: 300px) 100vw, 300px\" data-attachment-id=\"15\" data-permalink=\"http:\/\/especiales.laprensagrafica.com\/2015\/beatificacion-romero\/beatificacion-de-monsenor-romero-sera-en-el-salvador\/monsenor-romero-02\/\" data-orig-file=\"https:\/\/i0.wp.com\/especiales.laprensagrafica.com\/2015\/beatificacion-romero\/wp-content\/uploads\/2015\/02\/monsenor-romero-02.jpg?fit=618%2C507\" data-orig-size=\"618,507\" data-comments-opened=\"1\" data-image-meta=\"{&quot;aperture&quot;:&quot;0&quot;,&quot;credit&quot;:&quot;&quot;,&quot;camera&quot;:&quot;&quot;,&quot;caption&quot;:&quot;&quot;,&quot;created_timestamp&quot;:&quot;0&quot;,&quot;copyright&quot;:&quot;&quot;,&quot;focal_length&quot;:&quot;0&quot;,&quot;iso&quot;:&quot;0&quot;,&quot;shutter_speed&quot;:&quot;0&quot;,&quot;title&quot;:&quot;&quot;,&quot;orientation&quot;:&quot;0&quot;}\" data-image-title=\"Monse\u00f1or \u00d3scar Arnulfo Romero en El Vaticano el 30 de enero de 1980, junto al Papa Juan Pablo II. FOTO LPG\/ARCHIVO\" data-image-description=\"\" data-image-caption=\"\" data-medium-file=\"https:\/\/i0.wp.com\/especiales.laprensagrafica.com\/2015\/beatificacion-romero\/wp-content\/uploads\/2015\/02\/monsenor-romero-02.jpg?fit=300%2C246\" data-large-file=\"https:\/\/i0.wp.com\/especiales.laprensagrafica.com\/2015\/beatificacion-romero\/wp-content\/uploads\/2015\/02\/monsenor-romero-02.jpg?fit=618%2C507\" \/><\/a><\/p>\n"},"caption":{"rendered":""},"alt_text":"","media_type":"image","mime_type":"image\/jpeg","media_details":{"width":618,"height":507,"file":"2015\/02\/monsenor-romero-02.jpg","sizes":{"thumbnail":{"file":"monsenor-romero-02-150x150.jpg","width":150,"height":150,"mime_type":"image\/jpeg","source_url":"https:\/\/i0.wp.com\/especiales.laprensagrafica.com\/2015\/beatificacion-romero\/wp-content\/uploads\/2015\/02\/monsenor-romero-02.jpg?resize=150%2C150"},"medium":{"file":"monsenor-romero-02-300x246.jpg","width":300,"height":246,"mime_type":"image\/jpeg","source_url":"https:\/\/i0.wp.com\/especiales.laprensagrafica.com\/2015\/beatificacion-romero\/wp-content\/uploads\/2015\/02\/monsenor-romero-02.jpg?fit=300%2C246"},"guest-author-32":{"file":"monsenor-romero-02-32x32.jpg","width":32,"height":32,"mime_type":"image\/jpeg","source_url":"http:\/\/especiales.laprensagrafica.com\/2015\/beatificacion-romero\/wp-content\/uploads\/2015\/02\/monsenor-romero-02-32x32.jpg"},"guest-author-64":{"file":"monsenor-romero-02-64x64.jpg","width":64,"height":64,"mime_type":"image\/jpeg","source_url":"http:\/\/especiales.laprensagrafica.com\/2015\/beatificacion-romero\/wp-content\/uploads\/2015\/02\/monsenor-romero-02-64x64.jpg"},"guest-author-96":{"file":"monsenor-romero-02-96x96.jpg","width":96,"height":96,"mime_type":"image\/jpeg","source_url":"http:\/\/especiales.laprensagrafica.com\/2015\/beatificacion-romero\/wp-content\/uploads\/2015\/02\/monsenor-romero-02-96x96.jpg"},"guest-author-128":{"file":"monsenor-romero-02-128x128.jpg","width":128,"height":128,"mime_type":"image\/jpeg","source_url":"http:\/\/especiales.laprensagrafica.com\/2015\/beatificacion-romero\/wp-content\/uploads\/2015\/02\/monsenor-romero-02-128x128.jpg"},"full":{"file":"monsenor-romero-02.jpg?fit=618%2C507","width":618,"height":507,"mime_type":"image\/jpeg","source_url":"https:\/\/i0.wp.com\/especiales.laprensagrafica.com\/2015\/beatificacion-romero\/wp-content\/uploads\/2015\/02\/monsenor-romero-02.jpg?fit=618%2C507"}},"image_meta":{"aperture":0,"credit":"","camera":"","caption":"","created_timestamp":0,"copyright":"","focal_length":0,"iso":0,"shutter_speed":0,"title":"","orientation":0}},"post":6,"source_url":"http:\/\/especiales.laprensagrafica.com\/2015\/beatificacion-romero\/wp-content\/uploads\/2015\/02\/monsenor-romero-02.jpg","_links":{"self":[{"href":"http:\/\/especiales.laprensagrafica.com\/2015\/beatificacion-romero\/wp-json\/wp\/v2\/media\/15"}],"collection":[{"href":"http:\/\/especiales.laprensagrafica.com\/2015\/beatificacion-romero\/wp-json\/wp\/v2\/media"}],"about":[{"href":"http:\/\/especiales.laprensagrafica.com\/2015\/beatificacion-romero\/wp-json\/wp\/v2\/types\/attachment"}],"author":[{"embeddable":true,"href":"http:\/\/especiales.laprensagrafica.com\/2015\/beatificacion-romero\/wp-json\/wp\/v2\/users\/1"}],"replies":[{"embeddable":true,"href":"http:\/\/especiales.laprensagrafica.com\/2015\/beatificacion-romero\/wp-json\/wp\/v2\/comments?post=15"}]}}

Monseñor Óscar Arnulfo Romero en El Vaticano el 30 de enero de 1980, junto al Papa Juan Pablo II. FOTO LPG/ARCHIVO

<!-- This site is optimized with the Yoast SEO plugin v19.1 - https://yoast.com/wordpress/plugins/seo/ -->
<title>Monseñor Óscar Arnulfo Romero en El Vaticano el 30 de enero de 1980, junto al Papa Juan Pablo II. FOTO LPG/ARCHIVO - Beatificación de Monseñor Romero</title>
<meta name="robots" content="index, follow, max-snippet:-1, max-image-preview:large, max-video-preview:-1" />
<link rel="canonical" href="http://especiales.laprensagrafica.com/2015/beatificacion-romero/wp-content/uploads/2015/02/monsenor-romero-02.jpg" />
<meta property="og:locale" content="es_ES" />
<meta property="og:type" content="article" />
<meta property="og:title" content="Monseñor Óscar Arnulfo Romero en El Vaticano el 30 de enero de 1980, junto al Papa Juan Pablo II. FOTO LPG/ARCHIVO - Beatificación de Monseñor Romero" />
<meta property="og:url" content="http://especiales.laprensagrafica.com/2015/beatificacion-romero/wp-content/uploads/2015/02/monsenor-romero-02.jpg" />
<meta property="og:site_name" content="Beatificación de Monseñor Romero" />
<meta property="article:publisher" content="https://www.facebook.com/lpg.laprensagrafica" />
<meta property="article:modified_time" content="2015-05-14T03:39:47+00:00" />
<meta property="og:image" content="https://i0.wp.com/especiales.laprensagrafica.com/2015/beatificacion-romero/wp-content/uploads/2015/02/monsenor-romero-02.jpg?fit=618%2C507" />
	<meta property="og:image:width" content="618" />
	<meta property="og:image:height" content="507" />
	<meta property="og:image:type" content="image/jpeg" />
<meta name="twitter:card" content="summary_large_image" />
<meta name="twitter:site" content="@prensagrafica" />
<script type="application/ld+json" class="yoast-schema-graph">{"@context":"https://schema.org","@graph":[{"@type":"WebSite","@id":"http://especiales.laprensagrafica.com/2015/beatificacion-romero/#website","url":"http://especiales.laprensagrafica.com/2015/beatificacion-romero/","name":"Beatificación de Monseñor Romero","description":"Sitio especial de La Prensa Gráfica","potentialAction":[{"@type":"SearchAction","target":{"@type":"EntryPoint","urlTemplate":"http://especiales.laprensagrafica.com/2015/beatificacion-romero/?s={search_term_string}"},"query-input":"required name=search_term_string"}],"inLanguage":"es"},{"@type":"WebPage","@id":"http://especiales.laprensagrafica.com/2015/beatificacion-romero/wp-content/uploads/2015/02/monsenor-romero-02.jpg#webpage","url":"http://especiales.laprensagrafica.com/2015/beatificacion-romero/wp-content/uploads/2015/02/monsenor-romero-02.jpg","name":"Monseñor Óscar Arnulfo Romero en El Vaticano el 30 de enero de 1980, junto al Papa Juan Pablo II. FOTO LPG/ARCHIVO - Beatificación de Monseñor Romero","isPartOf":{"@id":"http://especiales.laprensagrafica.com/2015/beatificacion-romero/#website"},"datePublished":"2015-05-14T03:21:48+00:00","dateModified":"2015-05-14T03:39:47+00:00","breadcrumb":{"@id":"http://especiales.laprensagrafica.com/2015/beatificacion-romero/wp-content/uploads/2015/02/monsenor-romero-02.jpg#breadcrumb"},"inLanguage":"es","potentialAction":[{"@type":"ReadAction","target":["http://especiales.laprensagrafica.com/2015/beatificacion-romero/wp-content/uploads/2015/02/monsenor-romero-02.jpg"]}]},{"@type":"BreadcrumbList","@id":"http://especiales.laprensagrafica.com/2015/beatificacion-romero/wp-content/uploads/2015/02/monsenor-romero-02.jpg#breadcrumb","itemListElement":[{"@type":"ListItem","position":1,"name":"Portada","item":"http://especiales.laprensagrafica.com/2015/beatificacion-romero/"},{"@type":"ListItem","position":2,"name":"Beatificación de Monseñor Romero será en El Salvador","item":"http://especiales.laprensagrafica.com/2015/beatificacion-romero/beatificacion-de-monsenor-romero-sera-en-el-salvador/"},{"@type":"ListItem","position":3,"name":"Monseñor Óscar Arnulfo Romero en El Vaticano el 30 de enero de 1980, junto al Papa Juan Pablo II. FOTO LPG/ARCHIVO"}]}]}</script>
<!-- / Yoast SEO plugin. -->

Monseñor Óscar Arnulfo Romero en El Vaticano el 30 de enero de 1980, junto al Papa Juan Pablo II. FOTO LPG/ARCHIVO - Beatificación de Monseñor Romero

Beatificación de Monseñor Romero

Sitio especial de La Prensa Gráfica

Beatificación de Monseñor Romero será en El Salvador

<p class="attachment"><a href='https://i0.wp.com/especiales.laprensagrafica.com/2015/beatificacion-romero/wp-content/uploads/2015/02/monsenor-romero-02.jpg'><img width="300" height="246" src="https://i0.wp.com/especiales.laprensagrafica.com/2015/beatificacion-romero/wp-content/uploads/2015/02/monsenor-romero-02.jpg?fit=300%2C246" class="attachment-medium size-medium" alt="" loading="lazy" srcset="https://i0.wp.com/especiales.laprensagrafica.com/2015/beatificacion-romero/wp-content/uploads/2015/02/monsenor-romero-02.jpg?w=618 618w, https://i0.wp.com/especiales.laprensagrafica.com/2015/beatificacion-romero/wp-content/uploads/2015/02/monsenor-romero-02.jpg?resize=300%2C246 300w" sizes="(max-width: 300px) 100vw, 300px" data-attachment-id="15" data-permalink="http://especiales.laprensagrafica.com/2015/beatificacion-romero/beatificacion-de-monsenor-romero-sera-en-el-salvador/monsenor-romero-02/" data-orig-file="https://i0.wp.com/especiales.laprensagrafica.com/2015/beatificacion-romero/wp-content/uploads/2015/02/monsenor-romero-02.jpg?fit=618%2C507" data-orig-size="618,507" data-comments-opened="1" data-image-meta="{&quot;aperture&quot;:&quot;0&quot;,&quot;credit&quot;:&quot;&quot;,&quot;camera&quot;:&quot;&quot;,&quot;caption&quot;:&quot;&quot;,&quot;created_timestamp&quot;:&quot;0&quot;,&quot;copyright&quot;:&quot;&quot;,&quot;focal_length&quot;:&quot;0&quot;,&quot;iso&quot;:&quot;0&quot;,&quot;shutter_speed&quot;:&quot;0&quot;,&quot;title&quot;:&quot;&quot;,&quot;orientation&quot;:&quot;0&quot;}" data-image-title="Monseñor Óscar Arnulfo Romero en El Vaticano el 30 de enero de 1980, junto al Papa Juan Pablo II. FOTO LPG/ARCHIVO" data-image-description="" data-image-caption="" data-medium-file="https://i0.wp.com/especiales.laprensagrafica.com/2015/beatificacion-romero/wp-content/uploads/2015/02/monsenor-romero-02.jpg?fit=300%2C246" data-large-file="https://i0.wp.com/especiales.laprensagrafica.com/2015/beatificacion-romero/wp-content/uploads/2015/02/monsenor-romero-02.jpg?fit=618%2C507" /></a></p>
